4
What is the remainder when 355363 is divided by 59168?
355
Calculate the remainder when 1733199 is divided by 123.
6
Calculate the remainder when 655222 is divided by 8.
6
What is the remainder when 470429 is divided by 470396?
33
Calculate the remainder when 352177 is divided by 70415.
102
Calculate the remainder when 177093 is divided by 29504.
69
Calculate the remainder when 3248390 is divided by 1135.
20
What is the remainder when 265045 is divided by 1395?
1390
Calculate the remainder when 818092 is divided by 409040.
12
What is the remainder when 2373912 is divided by 149?
44
Calculate the remainder when 11119816 is divided by 25504.
72
What is the remainder when 394265 is divided by 1038?
863
Calculate the remainder when 14035320 is divided by 937.
934
What is the remainder when 4714417 is divided by 4714400?
17
What is the remainder when 73816896 is divided by 121?
120
What is the remainder when 157846 is divided by 2163?
2110
Calculate the remainder when 131347 is divided by 3189.
598
What is the remainder when 38828091 is divided by 1726?
1721
What is the remainder when 7305909 is divided by 46?
5
Calculate the remainder when 3861258 is divided by 297.
258
What is the remainder when 11384166 is divided by 125100?
66
Calculate the remainder when 244468248 is divided by 6175.
6173
Calculate the remainder when 177471 is divided by 375.
96
What is the remainder when 790462 is divided by 2315?
1047
What is the remainder when 504113 is divided by 167936?
305
What is the remainder when 60436 is divided by 60317?
119
Calculate the remainder when 26217583 is divided by 1053.
1042
What is the remainder when 160134 is divided by 2277?
744
Calculate the remainder when 12772456 is divided by 4621.
12
Calculate the remainder when 24322 is divided by 19264.
5058
Calculate the remainder when 70925 is divided by 2097.
1724
Calculate the remainder when 18639244 is divided by 1919.
1916
What is the remainder when 1727796 is divided by 863890?
16
Calculate the remainder when 177920 is divided by 159.
158
Calculate the remainder when 451502 is divided by 308.
282
Calculate the remainder when 45430 is divided by 540.
70
Calculate the remainder when 85632 is divided by 882.
78
Calculate the remainder when 916828 is divided by 5272.
4772
What is the remainder when 10279709 is divided by 23?
20
What is the remainder when 5575731 is divided by 3096?
2931
What is the remainder when 1914440 is divided by 478585?
100
What is the remainder when 1030424 is divided by 93?
77
What is the remainder when 192545477 is divided by 444?
437
What is the remainder when 125058 is divided by 269?
242
Calculate the remainder when 2976671 is divided by 16629.
80
Calculate the remainder when 56030 is divided by 54900.
1130
What is the remainder when 781140 is divided by 192?
84
What is the remainder when 1786007 is divided by 683?
645
What is the remainder when 22435482 is divided by 11217741?
0
Calculate the remainder when 113925158 is divided by 136.
134
Calculate the remainder when 12955292 is divided by 6477638.
16
Calculate the remainder when 25147645 is divided by 63.
61
What is the remainder when 49536 is divided by 739?
23
Calculate the remainder when 643757 is divided by 1245.
92
Calculate the remainder when 2045720 is divided by 4158.
4142
What is the remainder when 1076225 is divided by 82786?
7
What is the remainder when 341331 is divided by 393?
207
What is the remainder when 309408 is divided by 1272?
312
What is the remainder when 4385152768 is divided by 727?
726
What is the remainder when 5694527 is divided by 1227?
20
What is the remainder when 2739105 is divided by 72081?
27
Calculate the remainder when 12045391 is divided by 76.
75
What is the remainder when 4233120 is divided by 846603?
105
Calculate the remainder when 370307 is divided by 15423.
155
What is the remainder when 562717698 is divided by 191?
183
Calculate the remainder when 1128291 is divided by 373.
339
Calculate the remainder when 1575932 is divided by 787729.
474
What is the remainder when 8645005 is divided by 19?
5
Calculate the remainder when 13248 is divided by 728.
144
What is the remainder when 851602 is divided by 5130?
22
What is the remainder when 739134 is divided by 516?
222
Calculate the remainder when 290589 is divided by 290353.
236
Calculate the remainder when 22578930 is divided by 280.
10
What is the remainder when 1168677 is divided by 36?
9
What is the remainder when 755151 is divided by 117?
33
Calculate the remainder when 16477553 is divided by 9139.
9075
What is the remainder when 21460189 is divided by 316?
313
Calculate the remainder when 214471 is divided by 17864.
103
What is the remainder when 5160071 is divided by 1238?
87
Calculate the remainder when 5552529 is divided by 2259.
2166
What is the remainder when 928162 is divided by 6837?
5167
What is the remainder when 3543907 is divided by 95781?
10
What is the remainder when 7145841 is divided by 1147?
31
Calculate the remainder when 92114 is divided by 68.
42
Calculate the remainder when 11970924 is divided by 4245.
24
Calculate the remainder when 27348774 is divided by 9.
6
Calculate the remainder when 15980 is divided by 1203.
341
Calculate the remainder when 6398211 is divided by 142181.
66
Calculate the remainder when 1635568 is divided by 3981.
3358
What is the remainder when 47678714 is divided by 1236?
14
What is the remainder when 1660114835 is divided by 36?
35
What is the remainder when 23835 is divided by 7697?
744
Calculate the remainder when 31990 is divided by 6153.
1225
What is the remainder when 16466371 is divided by 904?
11
What is the remainder when 295293 is divided by 3244?
89
Calculate the remainder when 1315811 is divided by 3678.
2765
Calculate the remainder when 10158538 is divided by 1995.
1993
Calculate the remainder when 14673668 is divided by 485.
478
Calculate the remainder when 11173 is divided by 3686.
115
What is the remainder when 3486412 is divided by 514?
464
What is the remainder when 212828 is divided by 212812?
16
Calculate the remainder when 3684464 is divided by 279.
269
What is the remainder when 23147 is divided by 51?
44
What is the remainder when 155574 is divided by 9265?
7334
Calculate the remainder when 26672633 is divided by 666.
665
Calculate the remainder when 1890130 is divided by 9357.
16
What is the remainder when 966606 is divided by 669?
570
Calculate the remainder when 103417 is divided by 51137.
1143
What is the remainder when 9474996 is divided by 99?
3
Calculate the remainder when 24107122 is divided by 19.
17
Calculate the remainder when 844914 is divided by 48.
18
Calculate the remainder when 18577 is divided by 1710.
1477
What is the remainder when 9865333 is divided by 287?
282
What is the remainder when 215020 is divided by 7166?
40
Calculate the remainder when 6874227 is divided by 2815.
2812
What is the remainder when 21387273 is divided by 1018441?
12
Calculate the remainder when 1143721 is divided by 1682.
1643
What is the remainder when 58615005 is divided by 19538323?
36
What is the remainder when 2923968 is divided by 76946?
20
What is the remainder when 2141083 is divided by 1511?
1507
What is the remainder when 19373995 is divided by 38?
37
Calculate the remainder when 917325921 is divided by 59.
57
What is the remainder when 1263403 is divided by 2458?
2449
What is the remainder when 20039388 is divided by 7295?
23
What is the remainder when 871486 is divided by 86?
48
Calculate the remainder when 96653058 is divided by 621.
618
What is the remainder when 1435440 is divided by 213?
33
Calculate the remainder when 8280525 is divided by 2070128.
13
What is the remainder when 214901 is divided by 2471?
2395
Calculate the remainder when 49937 is divided by 2490.
137
What is the remainder when 418743710 is divided by 35919?
8
Calculate the remainder when 269713 is divided by 29933.
316
What is the remainder when 133188 is divided by 1268?
48
Calculate the remainder when 1762731 is divided by 56858.
133
What is the remainder when 213505240 is divided by 237?
235
Calculate the remainder when 166686 is divided by 2059.
1966
What is the remainder when 1802424 is divided by 898402?
5620
Calculate the remainder when 358012 is divided by 310.
